t is the remainder when 47751 is divided by 28?
11
Calculate the remainder when 72475 is divided by 1479.
4
What is the remainder when 20181 is divided by 6703?
72
What is the remainder when 33673 is divided by 659?
64
What is the remainder when 441 is divided by 325?
116
What is the remainder when 32071 is divided by 32033?
38
What is the remainder when 175878 is divided by 59?
58
What is the remainder when 72862 is divided by 49?
48
What is the remainder when 43633 is divided by 14?
9
Calculate the remainder when 4979 is divided by 4974.
5
What is the remainder when 10848 is divided by 1807?
6
What is the remainder when 134757 is divided by 279?
0
What is the remainder when 2216549 is divided by 30?
29
Calculate the remainder when 17863 is divided by 4434.
127
What is the remainder when 28402 is divided by 27929?
473
Calculate the remainder when 119851 is divided by 45.
16
What is the remainder when 3316102 is divided by 5?
2
Calculate the remainder when 108564 is divided by 462.
456
What is the remainder when 9096 is divided by 211?
23
What is the remainder when 2555 is divided by 51?
5
What is the remainder when 66086 is divided by 378?
314
What is the remainder when 60541 is divided by 29?
18
Calculate the remainder when 505323 is divided by 7656.
27
What is the remainder when 69166 is divided by 777?
13
Calculate the remainder when 920 is divided by 878.
42
Calculate the remainder when 49349 is divided by 64.
5
Calculate the remainder when 554 is divided by 394.
160
What is the remainder when 94079 is divided by 224?
223
What is the remainder when 308843 is divided by 290?
283
Calculate the remainder when 5331 is divided by 909.
786
What is the remainder when 148490 is divided by 9?
8
What is the remainder when 38857 is divided by 134?
131
Calculate the remainder when 3142 is divided by 201.
127
Calculate the remainder when 61283 is divided by 3.
2
Calculate the remainder when 17552 is divided by 66.
62
What is the remainder when 40310 is divided by 13434?
8
Calculate the remainder when 9040 is divided by 53.
30
What is the remainder when 274846 is divided by 336?
334
What is the remainder when 544 is divided by 15?
4
Calculate the remainder when 4071 is divided by 1341.
48
What is the remainder when 118930 is divided by 39632?
34
What is the remainder when 9103 is divided by 714?
535
What is the remainder when 503693 is divided by 38745?
8
What is the remainder when 2020562 is divided by 196?
194
Calculate the remainder when 105542 is divided by 15056.
150
What is the remainder when 8817 is divided by 205?
2
What is the remainder when 4971 is divided by 125?
96
What is the remainder when 151043 is divided by 1325?
1318
Calculate the remainder when 4068 is divided by 811.
13
What is the remainder when 2494 is divided by 1487?
1007
Calculate the remainder when 3297 is divided by 44.
41
Calculate the remainder when 1387 is divided by 414.
145
What is the remainder when 11814 is divided by 274?
32
Calculate the remainder when 68816 is divided by 702.
20
Calculate the remainder when 8175 is divided by 33.
24
Calculate the remainder when 366993 is divided by 771.
768
What is the remainder when 3552 is divided by 2102?
1450
Calculate the remainder when 5649599 is divided by 50.
49
Calculate the remainder when 332 is divided by 126.
80
What is the remainder when 218329 is divided by 34?
15
Calculate the remainder when 32319 is divided by 50.
19
Calculate the remainder when 10947 is divided by 10938.
9
Calculate the remainder when 160086 is divided by 39.
30
What is the remainder when 140217 is divided by 12?
9
Calculate the remainder when 20737 is divided by 242.
167
What is the remainder when 1783 is divided by 812?
159
What is the remainder when 12847 is divided by 12832?
15
What is the remainder when 62473 is divided by 50?
23
What is the remainder when 36462 is divided by 8?
6
Calculate the remainder when 6822 is divided by 25.
22
What is the remainder when 8502 is divided by 341?
318
Calculate the remainder when 2776835 is divided by 203.
201
Calculate the remainder when 20707 is divided by 1403.
1065
What is the remainder when 27099 is divided by 352?
347
What is the remainder when 7357202 is divided by 643?
639
Calculate the remainder when 21547 is divided by 15.
7
What is the remainder when 103689 is divided by 34545?
54
Calculate the remainder when 970 is divided by 301.
67
Calculate the remainder when 497240 is divided by 1950.
1940
Calculate the remainder when 99937 is divided by 3701.
10
What is the remainder when 395897 is divided by 757?
743
What is the remainder when 126763 is divided by 1122?
1099
What is the remainder when 99860 is divided by 413?
327
What is the remainder when 30106 is divided by 386?
384
What is the remainder when 51501 is divided by 29?
26
Calculate the remainder when 1963266 is divided by 21.
18
Calculate the remainder when 413919 is divided by 298.
295
Calculate the remainder when 4707 is divided by 942.
939
What is the remainder when 792533 is divided by 12?
5
What is the remainder when 196 is divided by 57?
25
What is the remainder when 19319 is divided by 161?
160
Calculate the remainder when 632 is divided by 100.
32
What is the remainder when 29055 is divided by 169?
156
Calculate the remainder when 33056 is divided by 32719.
337
Calculate the remainder when 14591 is divided by 2805.
566
What is the remainder when 49576 is divided by 9911?
21
Calculate the remainder when 9164 is divided by 70.
64
What is the remainder when 23200 is divided by 3303?
79
Calculate the remainder when 4536 is divided by 218.
176
Calculate the remainder when 15040 is divided by 628.
596
What is the remainder when 196846 is divided by 65613?
7
Calculate the remainder when 55530 is divided by 175.
55
What is the remainder when 16596 is divided by 1276?
8
Calculate the remainder when 65449 is divided by 16328.
137
Calculate the remainder when 22645 is divided by 11286.
73
What is the remainder when 1864503 is divided by 21?
18
What is the remainder when 12597 is divided by 1573?
13
What is the remainder when 626929 is divided by 18?
7
Calculate the remainder when 822 is divided by 400.
22
Calculate the remainder when 636 is divided by 614.
22
Calculate the remainder when 721015 is divided by 60083.
19
Calculate the remainder when 14001 is divided by 412.
405
Calculate the remainder when 1051619 is divided by 85.
84
What is the remainder when 4326 is divided by 150?
126
What is the remainder when 438182 is divided by 380?
42
Calculate the remainder when 581 is divided by 118.
109
Calculate the remainder when 44594 is divided by 409.
13
Calculate the remainder when 41 is divided by 28.
13
Calculate the remainder when 35238 is divided by 11725.
63
What is the remainder when 446023 is divided by 210?
193
What is the remainder when 7211 is divided by 3572?
67
Calculate the remainder when 1854443 is divided by 276.
275
What is the remainder when 281 is divided by 3?
2
Calculate the remainder when 326516 is divided by 120.
116
What is the remainder when 680 is divided by 92?
36
What is the remainder when 6486 is divided by 372?
162
What is the remainder when 9533 is divided by 23?
11
What is the remainder when 1382 is divided by 313?
130
What is the remainder when 97201 is divided by 203?
167
Calculate the remainder when 358290 is divided by 689.
10
What is the remainder when 51801 is divided by 17260?
21
What is the remainder when 4904 is divided by 846?
674
What is the remainder when 113381 is divided by 182?
177
Calculate the remainder when 9147 is divided by 216.
75
What is the remainder when 3252 is divided by 63?
39
Calculate the remainder when 196 is divided by 89.
18
Calculate the remainder when 5626 is divided by 5.
1
Calculate the remainder when 150208 is divided by 30031.
53
What is the remainder when 36377 is divided by 68?
65
What is the remainder when 658488 is divided by 597?
594
Calculate the remainder when 13249 is divided by 13144.
105
Calculate the remainder when 38900 is divided by 297.
290
What is the remainder when 62500 is divided by 22?
20
What is the remainder when 171164 is divided by 429?
422
What is the remainder when 3886 is divided by 95?
86
Calculate the remainder when 25156 is divided by 1795.
26
